
Is 90140231 prime?
True
Is 17954171 prime?
True
Is 305917 prime?
True
Is 283611931 composite?
False
Is 40779929 prime?
True
Is 14348393 a composite number?
True
Is 4733909 composite?
True
Is 2387291 a composite number?
False
Is 16357967 composite?
False
Is 100103 a prime number?
True
Is 214720777 prime?
False
Is 77710219 a prime number?
True
Is 16664119 a composite number?
False
Is 23435429 a prime number?
False
Is 617359 prime?
True
Is 12792397 a prime number?
False
Is 6677437 a prime number?
False
Is 2017403 prime?
True
Is 72353419 a prime number?
True
Is 102361867 prime?
True
Is 215419 prime?
False
Is 46346143 prime?
False
Is 4540727 composite?
False
Is 247594803 a prime number?
False
Is 79353431 a prime number?
True
Is 140498257 prime?
True
Is 13165441 a composite number?
False
Is 974143 composite?
False
Is 467067 composite?
True
Is 465359 composite?
True
Is 58978439 composite?
True
Is 12269623 a composite number?
False
Is 1210319629 prime?
False
Is 138164183 composite?
False
Is 20404277 a composite number?
True
Is 619113743 a prime number?
False
Is 9688999 a prime number?
False
Is 40978069 a prime number?
False
Is 15929783 prime?
True
Is 9132101 prime?
False
Is 1229387 a prime number?
False
Is 1113331331 a prime number?
False
Is 38648621 prime?
False
Is 27480671 a composite number?
True
Is 795173 a prime number?
False
Is 968939 a composite number?
False
Is 21210127 a composite number?
True
Is 677426203 a composite number?
True
Is 313242491 a prime number?
False
Is 74108009 a composite number?
True
Is 721727 a prime number?
False
Is 487137691 a composite number?
False
Is 63688609 prime?
True
Is 365411 a composite number?
False
Is 88613263 composite?
False
Is 9982051 a composite number?
False
Is 16722899 a prime number?
True
Is 6953941 prime?
True
Is 196139 a prime number?
True
Is 10707611 a composite number?
False
Is 113635187 composite?
True
Is 2784907 prime?
False
Is 275651689 prime?
True
Is 2514398 a composite number?
True
Is 142050241 prime?
False
Is 5660899 prime?
True
Is 16044874 prime?
False
Is 1456501 a prime number?
True
Is 1130267 prime?
True
Is 7443629 prime?
True
Is 10726927 prime?
True
Is 73438873 a prime number?
False
Is 81548351 prime?
False
Is 2665123 a prime number?
False
Is 83294041 composite?
False
Is 18010393 a prime number?
False
Is 11972633 a composite number?
False
Is 716801 prime?
False
Is 472639 prime?
True
Is 2640413 a prime number?
False
Is 11974397 prime?
True
Is 935939 composite?
True
Is 62993851 a prime number?
True
Is 65350651 composite?
False
Is 83797013 a composite number?
True
Is 305722741 prime?
False
Is 1436345 a composite number?
True
Is 26029999 a prime number?
True
Is 165154151 a prime number?
True
Is 3213365 a composite number?
True
Is 62425789 a prime number?
True
Is 24936413 prime?
True
Is 513530483 a composite number?
False
Is 6425789 prime?
True
Is 2331349 prime?
False
Is 444033599 composite?
False
Is 7697743 composite?
True
Is 23201461 a composite number?
True
Is 41587303 a prime number?
True
Is 1511339 prime?
False
Is 40118783 a composite number?
True
Is 53605493 composite?
False
Is 48179219 composite?
True
Is 141965459 prime?
True
Is 39462509 composite?
False
Is 20848231 a prime number?
True
Is 385199 a composite number?
False
Is 83324687 a composite number?
False
Is 28958387 a prime number?
True
Is 11341961 a prime number?
False
Is 12839551 composite?
False
Is 11751247 a composite number?
True
Is 217013081 a composite number?
True
Is 9493879 prime?
False
Is 3096959 prime?
True
Is 193570153 a prime number?
False
Is 192159557 a composite number?
True
Is 121969891 composite?
True
Is 3574871 composite?
False
Is 59581573 composite?
True
Is 182066147 composite?
True
Is 1186828919 a composite number?
False
Is 104712137 a prime number?
True
Is 9891803 composite?
True
Is 21465091 a composite number?
True
Is 4290537 composite?
True
Is 183097427 composite?
True
Is 10008157 a composite number?
True
Is 5089619 a prime number?
True
Is 12261161 a composite number?
True
Is 2222681 a prime number?
False
Is 7075729 prime?
False
Is 936877 prime?
False
Is 5000687 composite?
False
Is 172651 composite?
True
Is 48476257 a prime number?
True
Is 1142129 composite?
False
Is 23555747 composite?
False
Is 7897879 prime?
False
Is 1208217 composite?
True
Is 1408839 a composite number?
True
Is 116516083 prime?
True
Is 32243587 a composite number?
True
Is 5195413 prime?
True
Is 20414117 composite?
False
Is 4709423 a composite number?
False
Is 103031561 prime?
False
Is 294349 composite?
True
Is 11833571 composite?
True
Is 11815631 a composite number?
True
Is 11858277 a prime number?
False
Is 790861 a composite number?
False
Is 5350753 a composite number?
False
Is 2171033 a composite number?
True
Is 6077629 prime?
True
Is 27991603 a prime number?
True
Is 64679137 a composite number?
False
Is 1572115 a prime number?
False
Is 868817 prime?
True
Is 894901 a prime number?
False
Is 259279 composite?
True
Is 112760143 a prime number?
True
Is 33143063 a composite number?
True
Is 107829217 a prime number?
True
Is 795970951 composite?
False
Is 213660599 composite?
True
Is 34115611 a prime number?
True
Is 10748341 prime?
False
Is 27498197 a prime number?
False
Is 1849801 a prime number?
False
Is 11856211 prime?
False
Is 13898399 a composite number?
True
Is 17811439 composite?
False
Is 18480809 a composite number?
False
Is 134305739 prime?
True
Is 37276097 a composite number?
False
Is 3040469 composite?
False
Is 2699369 a prime number?
True
Is 900217 a prime number?
True
Is 81574369 a composite number?
True
Is 137551 prime?
False
Is 18586343 prime?
True
Is 64701097 composite?
False
Is 3371923 a composite number?
True
Is 79555043 a prime number?
True
Is 2762117 prime?
True
Is 6783781 a composite number?
True
Is 32206219 a composite number?
True
Is 20339533 composite?
False
Is 389479 composite?
False
Is 52774019 a prime number?
True
Is 5903837 a prime number?
True
Is 44992229 a composite number?
False
Is 1302971 a composite number?
True
Is 700627 a prime number?
True
Is 8352401 a composite number?
True
Is 113051423 prime?
True
Is 278403 a composite number?
True
Is 8237237 composite?
False
Is 25262899 prime?
False
Is 15228527 a composite number?
True
Is 255876641 a prime number?
False
Is 8658383 a prime number?
True
Is 117156283 composite?
True
Is 1314809 a prime number?
True
Is 1146143 composite?
False
Is 1485727 a composite number?
True
Is 12658483 composite?
False
Is 8064159 a prime number?
False
Is 15506497 a composite number?
False
Is 24505913 composite?
True
Is 2651081 composite?
True
Is 292291357 prime?
True
Is 10983337 composite?
False
Is 169524127 a prime number?
True
Is 4072037 a prime number?
False
Is 2560921 a prime number?
False
Is 1898279 composite?
False
Is 334238 prime?
False
Is 999197 composite?
True
Is 3130565 prime?
False
Is 1387403 a composite number?
False
Is 1578347 a prime number?
True
Is 91821677 a prime number?
True
Is 11851291 composite?
False
Is 67648951 prime?
False
Is 2887201 a prime number?
True
Is 142439797 a composite number?
False
Is 274531233 a prime number?
False
Is 256337 a composite number?
False
Is 249568609 a composite number?
False
Is 38579945 a prime number?
False
Is 11267587 composite?
False
Is 165972187 a prime number?
False
Is 7189433 a prime number?
False
Is 45779017 a prime number?
True
Is 2283635 a composite number?
True
Is 4945081 prime?
True
Is 19761418 a prime number?
False
Is 11309483 a prime number?
True
Is 35803247 prime?
True
Is 132176663 composite?
False
Is 36600959 prime?
False
Is 4166809 composite?
False
Is 853433947 composite?
False
Is 584273911 prime?
False
Is 12239897 a prime number?
True
Is 35738279 prime?
True
Is 1944923 a prime number?
True
Is 33358141 a prime number?
True
Is 3611119 a composite number?
False
Is 448848883 a composite number?
True
Is 16392083 a composite number?
True
Is 9515515 a prime number?
False
Is 121909 a prime number?
True
Is 452519 a composite number?
False
Is 6109267 a composite number?
True
Is 1702391 a composite number?
True
Is 224569181 a composite number?
False
Is 308468813 prime?
True
Is 31895921 composite?
False
Is 6517061 a prime number?
True
Is 1846651 a prime number?
False
Is 1365323 composite?
True
Is 12053 a prime number?
False
Is 138334